{"id":25,"date":"2020-11-16T08:01:56","date_gmt":"2020-11-16T08:01:56","guid":{"rendered":"http:\/\/dev.profilhornan.se\/development\/?page_id=25"},"modified":"2026-01-09T13:21:25","modified_gmt":"2026-01-09T12:21:25","slug":"valkommen","status":"publish","type":"page","link":"https:\/\/shop.profilhornan.se\/taekwondo-akademin\/","title":{"rendered":"V\u00e4lkommen"},"content":{"rendered":"\t\t<div data-elementor-type=\"wp-page\" data-elementor-id=\"25\" class=\"elementor elementor-25\" data-elementor-post-type=\"page\">\n\t\t\t\t\t\t<section class=\"elementor-section elementor-top-section elementor-element elementor-element-01cd457 elementor-section-height-min-height elementor-section-boxed elementor-section-height-default elementor-section-items-middle\" data-id=\"01cd457\" data-element_type=\"section\" data-e-type=\"section\" data-settings=\"{&quot;background_background&quot;:&quot;slideshow&quot;,&quot;background_slideshow_gallery&quot;:[{&quot;id&quot;:5056,&quot;url&quot;:&quot;https:\\\/\\\/profilhornan.hemsida.eu\\\/taekwondo-akademin\\\/wp-content\\\/uploads\\\/sites\\\/24\\\/2025\\\/02\\\/XV1O2176.jpg&quot;},{&quot;id&quot;:5055,&quot;url&quot;:&quot;https:\\\/\\\/profilhornan.hemsida.eu\\\/taekwondo-akademin\\\/wp-content\\\/uploads\\\/sites\\\/24\\\/2025\\\/02\\\/XV1O2324.jpg&quot;},{&quot;id&quot;:5054,&quot;url&quot;:&quot;https:\\\/\\\/profilhornan.hemsida.eu\\\/taekwondo-akademin\\\/wp-content\\\/uploads\\\/sites\\\/24\\\/2025\\\/02\\\/XV1O2210.jpg&quot;},{&quot;id&quot;:5053,&quot;url&quot;:&quot;https:\\\/\\\/profilhornan.hemsida.eu\\\/taekwondo-akademin\\\/wp-content\\\/uploads\\\/sites\\\/24\\\/2025\\\/02\\\/XV1O2364.jpg&quot;},{&quot;id&quot;:5052,&quot;url&quot;:&quot;https:\\\/\\\/profilhornan.hemsida.eu\\\/taekwondo-akademin\\\/wp-content\\\/uploads\\\/sites\\\/24\\\/2025\\\/02\\\/XV1O1582.jpg&quot;},{&quot;id&quot;:5057,&quot;url&quot;:&quot;https:\\\/\\\/profilhornan.hemsida.eu\\\/taekwondo-akademin\\\/wp-content\\\/uploads\\\/sites\\\/24\\\/2025\\\/02\\\/XV1O2449-kopia-1.jpg&quot;}],&quot;background_slideshow_transition_duration&quot;:2000,&quot;shape_divider_bottom&quot;:&quot;tilt&quot;,&quot;background_slideshow_loop&quot;:&quot;yes&quot;,&quot;background_slideshow_slide_duration&quot;:5000,&quot;background_slideshow_slide_transition&quot;:&quot;fade&quot;}\">\n\t\t\t\t\t\t\t<div class=\"elementor-background-overlay\"><\/div>\n\t\t\t\t\t\t<div class=\"elementor-shape elementor-shape-bottom\" aria-hidden=\"true\" data-negative=\"false\">\n\t\t\t<svg xmlns=\"http:\/\/www.w3.org\/2000\/svg\" viewBox=\"0 0 1000 100\" preserveAspectRatio=\"none\">\n\t<path class=\"elementor-shape-fill\" d=\"M0,6V0h1000v100L0,6z\"\/>\n<\/svg>\t\t<\/div>\n\t\t\t\t\t<div class=\"elementor-container elementor-column-gap-default\">\n\t\t\t\t\t<div class=\"elementor-column elementor-col-100 elementor-top-column elementor-element elementor-element-3c36756\" data-id=\"3c36756\" data-element_type=\"column\" data-e-type=\"column\">\n\t\t\t<div class=\"elementor-widget-wrap elementor-element-populated\">\n\t\t\t\t\t\t<div class=\"elementor-element elementor-element-4cb89cb elementor-widget elementor-widget-heading\" data-id=\"4cb89cb\" data-element_type=\"widget\" data-e-type=\"widget\" data-widget_type=\"heading.default\">\n\t\t\t\t<div class=\"elementor-widget-container\">\n\t\t\t\t\t<h1 class=\"elementor-heading-title elementor-size-default\">V\u00c4LKOMMEN TILL TAEKWON-DO AKADEMINS <span style=\"font-size: 48px;font-style: normal;font-weight: 700\">KLUBBSHOP!<\/span><\/h1>\t\t\t\t<\/div>\n\t\t\t\t<\/div>\n\t\t\t\t<div class=\"elementor-element elementor-element-ed1521e elementor-widget elementor-widget-heading\" data-id=\"ed1521e\" data-element_type=\"widget\" data-e-type=\"widget\" data-widget_type=\"heading.default\">\n\t\t\t\t<div class=\"elementor-widget-container\">\n\t\t\t\t\t<h2 class=\"elementor-heading-title elementor-size-default\">En av Stockholms mest framg\u00e5ngsrika Taekwon-do klubbar.<\/h2>\t\t\t\t<\/div>\n\t\t\t\t<\/div>\n\t\t\t\t<div class=\"elementor-element elementor-element-1cc56c6 elementor-widget elementor-widget-text-editor\" data-id=\"1cc56c6\" data-element_type=\"widget\" data-e-type=\"widget\" data-widget_type=\"text-editor.default\">\n\t\t\t\t<div class=\"elementor-widget-container\">\n\t\t\t\t\t\t\t\t\t<p>Taekwon-Do Akademin \u00e4r en flerfaldigt prisbel\u00f6nt f\u00f6rening och \u00e4r en av Stockholms mest framg\u00e5ngsrika Taekwon-Do klubbar efter att ha placerat sig p\u00e5 prispallen med flera idrottsutm\u00e4rkelser under m\u00e5nga \u00e5r. Med en tr\u00e4ningsfilosofi centrerad kring personlig spetskompetens och tillv\u00e4xt, str\u00e4var Taekwon-Do Akademin efter att l\u00e4ra ut Taekwon-Do i v\u00e4rldsklass i en unik milj\u00f6, byggd f\u00f6r att vara egofri och tillfredst\u00e4llande f\u00f6r alla som \u00e4r villiga att l\u00e4ra sig, f\u00f6rb\u00e4ttra och p\u00e5b\u00f6rja en livsf\u00f6r\u00e4ndrande resa.<\/p>\t\t\t\t\t\t\t\t<\/div>\n\t\t\t\t<\/div>\n\t\t\t\t\t<\/div>\n\t\t<\/div>\n\t\t\t\t\t<\/div>\n\t\t<\/section>\n\t\t\t\t<section class=\"elementor-section elementor-top-section elementor-element elementor-element-f6af7b8 elementor-section-boxed elementor-section-height-default elementor-section-height-default\" data-id=\"f6af7b8\" data-element_type=\"section\" data-e-type=\"section\">\n\t\t\t\t\t\t<div class=\"elementor-container elementor-column-gap-default\">\n\t\t\t\t\t<div class=\"elementor-column elementor-col-100 elementor-top-column elementor-element elementor-element-6f9499e\" data-id=\"6f9499e\" data-element_type=\"column\" data-e-type=\"column\">\n\t\t\t<div class=\"elementor-widget-wrap elementor-element-populated\">\n\t\t\t\t\t\t<div class=\"elementor-element elementor-element-9c37521 elementor-widget elementor-widget-text-editor\" data-id=\"9c37521\" data-element_type=\"widget\" data-e-type=\"widget\" data-widget_type=\"text-editor.default\">\n\t\t\t\t<div class=\"elementor-widget-container\">\n\t\t\t\t\t\t\t\t\t<h4><span style=\"font-size: 18px; font-weight: bold;\">Fraktfri gr\u00e4ns 750:-<\/span><\/h4>\n<h4><span style=\"font-size: 18px; font-weight: bold;\">Obs!&nbsp;<\/span>Bytes- och returr\u00e4tt g\u00e4ller ej p\u00e5 tryckta\/personifierade plagg (t.ex. namn eller initial)<\/h4>\t\t\t\t\t\t\t\t<\/div>\n\t\t\t\t<\/div>\n\t\t\t\t\t<\/div>\n\t\t<\/div>\n\t\t\t\t\t<\/div>\n\t\t<\/section>\n\t\t\t\t<section class=\"elementor-section elementor-top-section elementor-element elementor-element-1ee7e7a elementor-section-boxed elementor-section-height-default elementor-section-height-default\" data-id=\"1ee7e7a\" data-element_type=\"section\" data-e-type=\"section\">\n\t\t\t\t\t\t<div class=\"elementor-container elementor-column-gap-default\">\n\t\t\t\t\t<div class=\"elementor-column elementor-col-100 elementor-top-column elementor-element elementor-element-879def4\" data-id=\"879def4\" data-element_type=\"column\" data-e-type=\"column\">\n\t\t\t<div class=\"elementor-widget-wrap elementor-element-populated\">\n\t\t\t\t\t\t<div class=\"elementor-element elementor-element-7bc8916 elementor-widget elementor-widget-heading\" data-id=\"7bc8916\" data-element_type=\"widget\" data-e-type=\"widget\" data-widget_type=\"heading.default\">\n\t\t\t\t<div class=\"elementor-widget-container\">\n\t\t\t\t\t<h2 class=\"elementor-heading-title elementor-size-default\">Kategorier<\/h2>\t\t\t\t<\/div>\n\t\t\t\t<\/div>\n\t\t\t\t<div class=\"elementor-element elementor-element-770b3c9 uael-woo-category-grid uael-woo-cat-title-pos-default uael-woo-cat-title-style-default uael-woo-cat--align-center elementor-widget elementor-widget-uael-woo-categories\" data-id=\"770b3c9\" data-element_type=\"widget\" data-e-type=\"widget\" data-settings=\"{&quot;column_gap&quot;:{&quot;unit&quot;:&quot;px&quot;,&quot;size&quot;:&quot;100&quot;,&quot;sizes&quot;:[]},&quot;cat_columns&quot;:&quot;4&quot;,&quot;cat_columns_tablet&quot;:&quot;3&quot;,&quot;cat_columns_mobile&quot;:&quot;2&quot;,&quot;column_gap_tablet&quot;:{&quot;unit&quot;:&quot;px&quot;,&quot;size&quot;:&quot;&quot;,&quot;sizes&quot;:[]},&quot;column_gap_mobile&quot;:{&quot;unit&quot;:&quot;px&quot;,&quot;size&quot;:&quot;&quot;,&quot;sizes&quot;:[]},&quot;row_gap&quot;:{&quot;unit&quot;:&quot;px&quot;,&quot;size&quot;:35,&quot;sizes&quot;:[]},&quot;row_gap_tablet&quot;:{&quot;unit&quot;:&quot;px&quot;,&quot;size&quot;:&quot;&quot;,&quot;sizes&quot;:[]},&quot;row_gap_mobile&quot;:{&quot;unit&quot;:&quot;px&quot;,&quot;size&quot;:&quot;&quot;,&quot;sizes&quot;:[]}}\" data-widget_type=\"uael-woo-categories.default\">\n\t\t\t\t<div class=\"elementor-widget-container\">\n\t\t\t\t\t<div class=\"uael-woo-categories uael-woo-categories-grid uael-woocommerce\"><div class=\"uael-woo-categories-inner  uael-woo-cat__column-4 uael-woo-cat__column-tablet-3 uael-woo-cat__column-mobile-2\"><ul class=\"products columns-4\">\n<li class=\"product-category product first\">\n\t<a href=\"https:\/\/shop.profilhornan.se\/taekwondo-akademin\/product-category\/herr\/\"><div class=\"uael-product-cat-inner\"><img fetchpriority=\"high\" decoding=\"async\" src=\"https:\/\/shop.profilhornan.se\/taekwondo-akademin\/wp-content\/uploads\/sites\/24\/2025\/02\/TKA13-300x300.png\" alt=\"Herr\" width=\"300\" height=\"300\" srcset=\"https:\/\/shop.profilhornan.se\/taekwondo-akademin\/wp-content\/uploads\/sites\/24\/2025\/02\/TKA13-300x300.png 300w, https:\/\/shop.profilhornan.se\/taekwondo-akademin\/wp-content\/uploads\/sites\/24\/2025\/02\/TKA13-1024x1024.png 1024w, https:\/\/shop.profilhornan.se\/taekwondo-akademin\/wp-content\/uploads\/sites\/24\/2025\/02\/TKA13-150x150.png 150w, https:\/\/shop.profilhornan.se\/taekwondo-akademin\/wp-content\/uploads\/sites\/24\/2025\/02\/TKA13-768x768.png 768w, https:\/\/shop.profilhornan.se\/taekwondo-akademin\/wp-content\/uploads\/sites\/24\/2025\/02\/TKA13-600x600.png 600w, https:\/\/shop.profilhornan.se\/taekwondo-akademin\/wp-content\/uploads\/sites\/24\/2025\/02\/TKA13-100x100.png 100w, https:\/\/shop.profilhornan.se\/taekwondo-akademin\/wp-content\/uploads\/sites\/24\/2025\/02\/TKA13.png 1064w\" sizes=\"(max-width: 300px) 100vw, 300px\" \/><div class=\"uael-category__title-wrap\"><h2 class=\"woocommerce-loop-category__title\">Herr<\/h2><mark class=\"uael-count\">11 Products<\/mark><\/div><\/div><\/a><\/li>\n<li class=\"product-category product\">\n\t<a href=\"https:\/\/shop.profilhornan.se\/taekwondo-akademin\/product-category\/junior\/\"><div class=\"uael-product-cat-inner\"><img decoding=\"async\" src=\"https:\/\/shop.profilhornan.se\/taekwondo-akademin\/wp-content\/uploads\/sites\/24\/2025\/02\/TKA21-300x300.png\" alt=\"Junior\" width=\"300\" height=\"300\" srcset=\"https:\/\/shop.profilhornan.se\/taekwondo-akademin\/wp-content\/uploads\/sites\/24\/2025\/02\/TKA21-300x300.png 300w, https:\/\/shop.profilhornan.se\/taekwondo-akademin\/wp-content\/uploads\/sites\/24\/2025\/02\/TKA21-1024x1024.png 1024w, https:\/\/shop.profilhornan.se\/taekwondo-akademin\/wp-content\/uploads\/sites\/24\/2025\/02\/TKA21-150x150.png 150w, https:\/\/shop.profilhornan.se\/taekwondo-akademin\/wp-content\/uploads\/sites\/24\/2025\/02\/TKA21-768x768.png 768w, https:\/\/shop.profilhornan.se\/taekwondo-akademin\/wp-content\/uploads\/sites\/24\/2025\/02\/TKA21-600x600.png 600w, https:\/\/shop.profilhornan.se\/taekwondo-akademin\/wp-content\/uploads\/sites\/24\/2025\/02\/TKA21-100x100.png 100w, https:\/\/shop.profilhornan.se\/taekwondo-akademin\/wp-content\/uploads\/sites\/24\/2025\/02\/TKA21.png 1064w\" sizes=\"(max-width: 300px) 100vw, 300px\" \/><div class=\"uael-category__title-wrap\"><h2 class=\"woocommerce-loop-category__title\">Junior<\/h2><mark class=\"uael-count\">9 Products<\/mark><\/div><\/div><\/a><\/li>\n<li class=\"product-category product\">\n\t<a href=\"https:\/\/shop.profilhornan.se\/taekwondo-akademin\/product-category\/dam\/\"><div class=\"uael-product-cat-inner\"><img decoding=\"async\" src=\"https:\/\/shop.profilhornan.se\/taekwondo-akademin\/wp-content\/uploads\/sites\/24\/2025\/02\/TKA04-300x300.png\" alt=\"Dam\" width=\"300\" height=\"300\" srcset=\"https:\/\/shop.profilhornan.se\/taekwondo-akademin\/wp-content\/uploads\/sites\/24\/2025\/02\/TKA04-300x300.png 300w, https:\/\/shop.profilhornan.se\/taekwondo-akademin\/wp-content\/uploads\/sites\/24\/2025\/02\/TKA04-1024x1024.png 1024w, https:\/\/shop.profilhornan.se\/taekwondo-akademin\/wp-content\/uploads\/sites\/24\/2025\/02\/TKA04-150x150.png 150w, https:\/\/shop.profilhornan.se\/taekwondo-akademin\/wp-content\/uploads\/sites\/24\/2025\/02\/TKA04-768x768.png 768w, https:\/\/shop.profilhornan.se\/taekwondo-akademin\/wp-content\/uploads\/sites\/24\/2025\/02\/TKA04-600x600.png 600w, https:\/\/shop.profilhornan.se\/taekwondo-akademin\/wp-content\/uploads\/sites\/24\/2025\/02\/TKA04-100x100.png 100w, https:\/\/shop.profilhornan.se\/taekwondo-akademin\/wp-content\/uploads\/sites\/24\/2025\/02\/TKA04.png 1064w\" sizes=\"(max-width: 300px) 100vw, 300px\" \/><div class=\"uael-category__title-wrap\"><h2 class=\"woocommerce-loop-category__title\">Dam<\/h2><mark class=\"uael-count\">9 Products<\/mark><\/div><\/div><\/a><\/li>\n<li class=\"product-category product last\">\n\t<a href=\"https:\/\/shop.profilhornan.se\/taekwondo-akademin\/product-category\/ovrigt\/\"><div class=\"uael-product-cat-inner\"><img loading=\"lazy\" decoding=\"async\" src=\"https:\/\/shop.profilhornan.se\/taekwondo-akademin\/wp-content\/uploads\/sites\/24\/2025\/02\/TKA30-300x300.png\" alt=\"\u00d6vrigt\" width=\"300\" height=\"300\" srcset=\"https:\/\/shop.profilhornan.se\/taekwondo-akademin\/wp-content\/uploads\/sites\/24\/2025\/02\/TKA30-300x300.png 300w, https:\/\/shop.profilhornan.se\/taekwondo-akademin\/wp-content\/uploads\/sites\/24\/2025\/02\/TKA30-1024x1024.png 1024w, https:\/\/shop.profilhornan.se\/taekwondo-akademin\/wp-content\/uploads\/sites\/24\/2025\/02\/TKA30-150x150.png 150w, https:\/\/shop.profilhornan.se\/taekwondo-akademin\/wp-content\/uploads\/sites\/24\/2025\/02\/TKA30-768x768.png 768w, https:\/\/shop.profilhornan.se\/taekwondo-akademin\/wp-content\/uploads\/sites\/24\/2025\/02\/TKA30-600x600.png 600w, https:\/\/shop.profilhornan.se\/taekwondo-akademin\/wp-content\/uploads\/sites\/24\/2025\/02\/TKA30-100x100.png 100w, https:\/\/shop.profilhornan.se\/taekwondo-akademin\/wp-content\/uploads\/sites\/24\/2025\/02\/TKA30.png 1064w\" sizes=\"(max-width: 300px) 100vw, 300px\" \/><div class=\"uael-category__title-wrap\"><h2 class=\"woocommerce-loop-category__title\">\u00d6vrigt<\/h2><mark class=\"uael-count\">3 Products<\/mark><\/div><\/div><\/a><\/li>\n<\/ul>\n<\/div><\/div>\t\t\t\t<\/div>\n\t\t\t\t<\/div>\n\t\t\t\t<div class=\"elementor-element elementor-element-7c68624 elementor-align-center elementor-widget elementor-widget-button\" data-id=\"7c68624\" data-element_type=\"widget\" data-e-type=\"widget\" data-widget_type=\"button.default\">\n\t\t\t\t<div class=\"elementor-widget-container\">\n\t\t\t\t\t\t\t\t\t<div class=\"elementor-button-wrapper\">\n\t\t\t\t\t<a class=\"elementor-button elementor-button-link elementor-size-xl\" href=\"\/taekwondo-akademin\/shop\/\">\n\t\t\t\t\t\t<span class=\"elementor-button-content-wrapper\">\n\t\t\t\t\t\t\t\t\t<span class=\"elementor-button-text\">Till produkter<\/span>\n\t\t\t\t\t<\/span>\n\t\t\t\t\t<\/a>\n\t\t\t\t<\/div>\n\t\t\t\t\t\t\t\t<\/div>\n\t\t\t\t<\/div>\n\t\t\t\t\t<\/div>\n\t\t<\/div>\n\t\t\t\t\t<\/div>\n\t\t<\/section>\n\t\t\t\t<\/div>\n\t\t","protected":false},"excerpt":{"rendered":"<p>V\u00c4LKOMMEN TILL TAEKWON-DO AKADEMINS KLUBBSHOP! En av Stockholms mest framg\u00e5ngsrika Taekwon-do klubbar. Taekwon-Do Akademin \u00e4r en flerfaldigt prisbel\u00f6nt f\u00f6rening och \u00e4r en av Stockholms mest framg\u00e5ngsrika Taekwon-Do klubbar efter att ha placerat sig p\u00e5 prispallen med flera idrottsutm\u00e4rkelser under m\u00e5nga \u00e5r. Med en tr\u00e4ningsfilosofi centrerad kring personlig spetskompetens och tillv\u00e4xt, str\u00e4var Taekwon-Do Akademin efter att [&hellip;]<\/p>\n","protected":false},"author":1,"featured_media":0,"parent":0,"menu_order":0,"comment_status":"closed","ping_status":"closed","template":"","meta":{"site-sidebar-layout":"no-sidebar","site-content-layout":"page-builder","ast-site-content-layout":"default","site-content-style":"default","site-sidebar-style":"default","ast-global-header-display":"","ast-banner-title-visibility":"","ast-main-header-display":"disabled","ast-hfb-above-header-display":"","ast-hfb-below-header-display":"","ast-hfb-mobile-header-display":"","site-post-title":"disabled","ast-breadcrumbs-content":"","ast-featured-img":"disabled","footer-sml-layout":"","ast-disable-related-posts":"","theme-transparent-header-meta":"default","adv-header-id-meta":"","stick-header-meta":"","header-above-stick-meta":"","header-main-stick-meta":"","header-below-stick-meta":"","astra-migrate-meta-layouts":"default","ast-page-background-enabled":"default","ast-page-background-meta":{"desktop":{"background-color":"","background-image":"","background-repeat":"repeat","background-position":"center center","background-size":"auto","background-attachment":"scroll","background-type":"","background-media":"","overlay-type":"","overlay-color":"","overlay-opacity":"","overlay-gradient":""},"tablet":{"background-color":"","background-image":"","background-repeat":"repeat","background-position":"center center","background-size":"auto","background-attachment":"scroll","background-type":"","background-media":"","overlay-type":"","overlay-color":"","overlay-opacity":"","overlay-gradient":""},"mobile":{"background-color":"","background-image":"","background-repeat":"repeat","background-position":"center center","background-size":"auto","background-attachment":"scroll","background-type":"","background-media":"","overlay-type":"","overlay-color":"","overlay-opacity":"","overlay-gradient":""}},"ast-content-background-meta":{"desktop":{"background-color":"var(--ast-global-color-5)","background-image":"","background-repeat":"repeat","background-position":"center center","background-size":"auto","background-attachment":"scroll","background-type":"","background-media":"","overlay-type":"","overlay-color":"","overlay-opacity":"","overlay-gradient":""},"tablet":{"background-color":"var(--ast-global-color-5)","background-image":"","background-repeat":"repeat","background-position":"center center","background-size":"auto","background-attachment":"scroll","background-type":"","background-media":"","overlay-type":"","overlay-color":"","overlay-opacity":"","overlay-gradient":""},"mobile":{"background-color":"var(--ast-global-color-5)","background-image":"","background-repeat":"repeat","background-position":"center center","background-size":"auto","background-attachment":"scroll","background-type":"","background-media":"","overlay-type":"","overlay-color":"","overlay-opacity":"","overlay-gradient":""}},"footnotes":""},"class_list":["post-25","page","type-page","status-publish","hentry"],"_links":{"self":[{"href":"https:\/\/shop.profilhornan.se\/taekwondo-akademin\/wp-json\/wp\/v2\/pages\/25","targetHints":{"allow":["GET"]}}],"collection":[{"href":"https:\/\/shop.profilhornan.se\/taekwondo-akademin\/wp-json\/wp\/v2\/pages"}],"about":[{"href":"https:\/\/shop.profilhornan.se\/taekwondo-akademin\/wp-json\/wp\/v2\/types\/page"}],"author":[{"embeddable":true,"href":"https:\/\/shop.profilhornan.se\/taekwondo-akademin\/wp-json\/wp\/v2\/users\/1"}],"replies":[{"embeddable":true,"href":"https:\/\/shop.profilhornan.se\/taekwondo-akademin\/wp-json\/wp\/v2\/comments?post=25"}],"version-history":[{"count":367,"href":"https:\/\/shop.profilhornan.se\/taekwondo-akademin\/wp-json\/wp\/v2\/pages\/25\/revisions"}],"predecessor-version":[{"id":5538,"href":"https:\/\/shop.profilhornan.se\/taekwondo-akademin\/wp-json\/wp\/v2\/pages\/25\/revisions\/5538"}],"wp:attachment":[{"href":"https:\/\/shop.profilhornan.se\/taekwondo-akademin\/wp-json\/wp\/v2\/media?parent=25"}],"curies":[{"name":"wp","href":"https:\/\/api.w.org\/{rel}","templated":true}]}}