{"id":25,"date":"2020-11-16T08:01:56","date_gmt":"2020-11-16T08:01:56","guid":{"rendered":"http:\/\/dev.profilhornan.se\/development\/?page_id=25"},"modified":"2026-02-27T11:30:26","modified_gmt":"2026-02-27T10:30:26","slug":"valkommen","status":"publish","type":"page","link":"https:\/\/shop.profilhornan.se\/simning\/","title":{"rendered":"V\u00e4lkommen"},"content":{"rendered":"\t\t<div data-elementor-type=\"wp-page\" data-elementor-id=\"25\" class=\"elementor elementor-25\" data-elementor-post-type=\"page\">\n\t\t\t\t\t\t<section class=\"elementor-section elementor-top-section elementor-element elementor-element-9cda7c0 elementor-section-boxed elementor-section-height-default elementor-section-height-default\" data-id=\"9cda7c0\" data-element_type=\"section\" data-e-type=\"section\">\n\t\t\t\t\t\t<div class=\"elementor-container elementor-column-gap-default\">\n\t\t\t\t\t<div class=\"elementor-column elementor-col-100 elementor-top-column elementor-element elementor-element-9b80093\" data-id=\"9b80093\" data-element_type=\"column\" data-e-type=\"column\">\n\t\t\t<div class=\"elementor-widget-wrap elementor-element-populated\">\n\t\t\t\t\t\t<div class=\"elementor-element elementor-element-57c14ca elementor-widget elementor-widget-heading\" data-id=\"57c14ca\" data-element_type=\"widget\" data-e-type=\"widget\" data-widget_type=\"heading.default\">\n\t\t\t\t<div class=\"elementor-widget-container\">\n\t\t\t\t\t<h1 class=\"elementor-heading-title elementor-size-default\">V\u00e4lkommen till klubbshoppen f\u00f6r sims\u00e4llskap<\/h1>\t\t\t\t<\/div>\n\t\t\t\t<\/div>\n\t\t\t\t<div class=\"elementor-element elementor-element-3d0312e elementor-widget elementor-widget-text-editor\" data-id=\"3d0312e\" data-element_type=\"widget\" data-e-type=\"widget\" data-widget_type=\"text-editor.default\">\n\t\t\t\t<div class=\"elementor-widget-container\">\n\t\t\t\t\t\t\t\t\t<h5>\u00a0<\/h5><p style=\"font-size: 15px; font-style: normal; font-weight: 400; color: #636363;\"><span style=\"font-size: 15px; font-weight: bold;\">Privata kunder:\u00a0<\/span>L\u00e4gg \u00f6nskade produkter som vanligt i varukorgen, g\u00e5 sedan till kassan och slutf\u00f6r k\u00f6p genom Worldline Bambora checkout.<\/p><p style=\"font-size: 15px; font-style: normal; font-weight: 400; color: #636363;\"><span style=\"font-size: 15px; font-weight: bold;\">Profilh\u00f6rnan Faktura:\u00a0<\/span>Logga in p\u00e5 ert konto, med anv\u00e4ndarnamn och valt l\u00f6senord. L\u00e4gg \u00f6nskade produkter som vanligt i varukorgen, g\u00e5 sedan till kassan och slutf\u00f6r k\u00f6p genom\u00a0<em style=\"font-size: 15px;\">Profilh\u00f6rnan Faktura.<\/em>\u00a0Se till att ha korrekta faktureringsuppgifter ifyllda vid check-out (t.ex. uppgifter till en klubb eller f\u00f6rening).<\/p><h5><strong>Obs! <\/strong>Bytes- och returr\u00e4tt g\u00e4ller ej p\u00e5 tryckta\/personifierade plagg (t.ex. namn eller initial)<\/h5><h4><strong>Leveranstid: 15 arbetsdagar<\/strong><\/h4>\t\t\t\t\t\t\t\t<\/div>\n\t\t\t\t<\/div>\n\t\t\t\t\t<\/div>\n\t\t<\/div>\n\t\t\t\t\t<\/div>\n\t\t<\/section>\n\t\t\t\t<section class=\"elementor-section elementor-top-section elementor-element elementor-element-2099f33 elementor-section-boxed elementor-section-height-default elementor-section-height-default\" data-id=\"2099f33\" data-element_type=\"section\" data-e-type=\"section\">\n\t\t\t\t\t\t<div class=\"elementor-container elementor-column-gap-default\">\n\t\t\t\t\t<div class=\"elementor-column elementor-col-100 elementor-top-column elementor-element elementor-element-87c61ed\" data-id=\"87c61ed\" data-element_type=\"column\" data-e-type=\"column\">\n\t\t\t<div class=\"elementor-widget-wrap elementor-element-populated\">\n\t\t\t\t\t\t<div class=\"elementor-element elementor-element-5919fd8 elementor-widget elementor-widget-heading\" data-id=\"5919fd8\" data-element_type=\"widget\" data-e-type=\"widget\" data-widget_type=\"heading.default\">\n\t\t\t\t<div class=\"elementor-widget-container\">\n\t\t\t\t\t<h2 class=\"elementor-heading-title elementor-size-default\">Kategorier<\/h2>\t\t\t\t<\/div>\n\t\t\t\t<\/div>\n\t\t\t\t<div class=\"elementor-element elementor-element-8783ff5 uael-woo-cat-title-pos-below-image uael-woo-category-grid uael-woo-cat--align-center elementor-widget elementor-widget-uael-woo-categories\" data-id=\"8783ff5\" data-element_type=\"widget\" data-e-type=\"widget\" data-settings=\"{&quot;column_gap&quot;:{&quot;unit&quot;:&quot;px&quot;,&quot;size&quot;:100,&quot;sizes&quot;:[]},&quot;cat_columns&quot;:&quot;3&quot;,&quot;row_gap&quot;:{&quot;unit&quot;:&quot;px&quot;,&quot;size&quot;:32,&quot;sizes&quot;:[]},&quot;cat_columns_tablet&quot;:&quot;3&quot;,&quot;cat_columns_mobile&quot;:&quot;2&quot;,&quot;column_gap_tablet&quot;:{&quot;unit&quot;:&quot;px&quot;,&quot;size&quot;:&quot;&quot;,&quot;sizes&quot;:[]},&quot;column_gap_mobile&quot;:{&quot;unit&quot;:&quot;px&quot;,&quot;size&quot;:&quot;&quot;,&quot;sizes&quot;:[]},&quot;row_gap_tablet&quot;:{&quot;unit&quot;:&quot;px&quot;,&quot;size&quot;:&quot;&quot;,&quot;sizes&quot;:[]},&quot;row_gap_mobile&quot;:{&quot;unit&quot;:&quot;px&quot;,&quot;size&quot;:&quot;&quot;,&quot;sizes&quot;:[]}}\" data-widget_type=\"uael-woo-categories.default\">\n\t\t\t\t<div class=\"elementor-widget-container\">\n\t\t\t\t\t<div class=\"uael-woo-categories uael-woo-categories-grid uael-woocommerce\"><div class=\"uael-woo-categories-inner  uael-woo-cat__column-3 uael-woo-cat__column-tablet-3 uael-woo-cat__column-mobile-2\"><ul class=\"products columns-3\">\n<li class=\"product-category product first\">\n\t<a href=\"https:\/\/shop.profilhornan.se\/simning\/product-category\/almhults-simsallskap\/\"><div class=\"uael-product-cat-inner\"><img fetchpriority=\"high\" decoding=\"async\" src=\"https:\/\/shop.profilhornan.se\/simning\/wp-content\/uploads\/sites\/45\/2026\/01\/Almhult-Simsallskap-500x500-1-300x300.jpg\" alt=\"\u00c4lmhults Sims\u00e4llskap\" width=\"300\" height=\"300\" srcset=\"https:\/\/shop.profilhornan.se\/simning\/wp-content\/uploads\/sites\/45\/2026\/01\/Almhult-Simsallskap-500x500-1-300x300.jpg 300w, https:\/\/shop.profilhornan.se\/simning\/wp-content\/uploads\/sites\/45\/2026\/01\/Almhult-Simsallskap-500x500-1-150x150.jpg 150w, https:\/\/shop.profilhornan.se\/simning\/wp-content\/uploads\/sites\/45\/2026\/01\/Almhult-Simsallskap-500x500-1-100x100.jpg 100w, https:\/\/shop.profilhornan.se\/simning\/wp-content\/uploads\/sites\/45\/2026\/01\/Almhult-Simsallskap-500x500-1.jpg 500w\" sizes=\"(max-width: 300px) 100vw, 300px\" \/><div class=\"uael-category__title-wrap\"><h2 class=\"woocommerce-loop-category__title\">\u00c4lmhults Sims\u00e4llskap<\/h2><mark class=\"uael-count\">26 Products<\/mark><\/div><\/div><\/a><\/li>\n<li class=\"product-category product\">\n\t<a href=\"https:\/\/shop.profilhornan.se\/simning\/product-category\/alvesta-simsallskap\/\"><div class=\"uael-product-cat-inner\"><img decoding=\"async\" src=\"https:\/\/shop.profilhornan.se\/simning\/wp-content\/uploads\/sites\/45\/2026\/01\/Alvesta-Simsallskap-300x300.png\" alt=\"Alvesta Sims\u00e4llskap\" width=\"300\" height=\"300\" srcset=\"https:\/\/shop.profilhornan.se\/simning\/wp-content\/uploads\/sites\/45\/2026\/01\/Alvesta-Simsallskap-300x300.png 300w, https:\/\/shop.profilhornan.se\/simning\/wp-content\/uploads\/sites\/45\/2026\/01\/Alvesta-Simsallskap-1024x1024.png 1024w, https:\/\/shop.profilhornan.se\/simning\/wp-content\/uploads\/sites\/45\/2026\/01\/Alvesta-Simsallskap-150x150.png 150w, https:\/\/shop.profilhornan.se\/simning\/wp-content\/uploads\/sites\/45\/2026\/01\/Alvesta-Simsallskap-768x768.png 768w, https:\/\/shop.profilhornan.se\/simning\/wp-content\/uploads\/sites\/45\/2026\/01\/Alvesta-Simsallskap-600x600.png 600w, https:\/\/shop.profilhornan.se\/simning\/wp-content\/uploads\/sites\/45\/2026\/01\/Alvesta-Simsallskap-100x100.png 100w, https:\/\/shop.profilhornan.se\/simning\/wp-content\/uploads\/sites\/45\/2026\/01\/Alvesta-Simsallskap.png 1048w\" sizes=\"(max-width: 300px) 100vw, 300px\" \/><div class=\"uael-category__title-wrap\"><h2 class=\"woocommerce-loop-category__title\">Alvesta Sims\u00e4llskap<\/h2><mark class=\"uael-count\">23 Products<\/mark><\/div><\/div><\/a><\/li>\n<li class=\"product-category product last\">\n\t<a href=\"https:\/\/shop.profilhornan.se\/simning\/product-category\/osby-simsallskap\/\"><div class=\"uael-product-cat-inner\"><img decoding=\"async\" src=\"https:\/\/shop.profilhornan.se\/simning\/wp-content\/uploads\/sites\/45\/2026\/02\/OSS-logotyp-300x300.png\" alt=\"Osby Sims\u00e4llskap\" width=\"300\" height=\"300\" srcset=\"https:\/\/shop.profilhornan.se\/simning\/wp-content\/uploads\/sites\/45\/2026\/02\/OSS-logotyp-300x300.png 300w, https:\/\/shop.profilhornan.se\/simning\/wp-content\/uploads\/sites\/45\/2026\/02\/OSS-logotyp-1024x1024.png 1024w, https:\/\/shop.profilhornan.se\/simning\/wp-content\/uploads\/sites\/45\/2026\/02\/OSS-logotyp-150x150.png 150w, https:\/\/shop.profilhornan.se\/simning\/wp-content\/uploads\/sites\/45\/2026\/02\/OSS-logotyp-768x768.png 768w, https:\/\/shop.profilhornan.se\/simning\/wp-content\/uploads\/sites\/45\/2026\/02\/OSS-logotyp-600x600.png 600w, https:\/\/shop.profilhornan.se\/simning\/wp-content\/uploads\/sites\/45\/2026\/02\/OSS-logotyp-100x100.png 100w, https:\/\/shop.profilhornan.se\/simning\/wp-content\/uploads\/sites\/45\/2026\/02\/OSS-logotyp.png 1064w\" sizes=\"(max-width: 300px) 100vw, 300px\" \/><div class=\"uael-category__title-wrap\"><h2 class=\"woocommerce-loop-category__title\">Osby Sims\u00e4llskap<\/h2><mark class=\"uael-count\">45 Products<\/mark><\/div><\/div><\/a><\/li>\n<\/ul>\n<\/div><\/div>\t\t\t\t<\/div>\n\t\t\t\t<\/div>\n\t\t\t\t<div class=\"elementor-element elementor-element-31cb69f elementor-align-center elementor-widget elementor-widget-button\" data-id=\"31cb69f\" data-element_type=\"widget\" data-e-type=\"widget\" data-widget_type=\"button.default\">\n\t\t\t\t<div class=\"elementor-widget-container\">\n\t\t\t\t\t\t\t\t\t<div class=\"elementor-button-wrapper\">\n\t\t\t\t\t<a class=\"elementor-button elementor-button-link elementor-size-xl\" href=\"\/simning\/shop\/\">\n\t\t\t\t\t\t<span class=\"elementor-button-content-wrapper\">\n\t\t\t\t\t\t\t\t\t<span class=\"elementor-button-text\">Till produkter<\/span>\n\t\t\t\t\t<\/span>\n\t\t\t\t\t<\/a>\n\t\t\t\t<\/div>\n\t\t\t\t\t\t\t\t<\/div>\n\t\t\t\t<\/div>\n\t\t\t\t\t<\/div>\n\t\t<\/div>\n\t\t\t\t\t<\/div>\n\t\t<\/section>\n\t\t\t\t<\/div>\n\t\t","protected":false},"excerpt":{"rendered":"<p>V\u00e4lkommen till klubbshoppen f\u00f6r sims\u00e4llskap \u00a0 Privata kunder:\u00a0L\u00e4gg \u00f6nskade produkter som vanligt i varukorgen, g\u00e5 sedan till kassan och slutf\u00f6r k\u00f6p genom Worldline Bambora checkout. Profilh\u00f6rnan Faktura:\u00a0Logga in p\u00e5 ert konto, med anv\u00e4ndarnamn och valt l\u00f6senord. L\u00e4gg \u00f6nskade produkter som vanligt i varukorgen, g\u00e5 sedan till kassan och slutf\u00f6r k\u00f6p genom\u00a0Profilh\u00f6rnan Faktura.\u00a0Se till att ha [&hellip;]<\/p>\n","protected":false},"author":1,"featured_media":0,"parent":0,"menu_order":0,"comment_status":"closed","ping_status":"closed","template":"","meta":{"site-sidebar-layout":"no-sidebar","site-content-layout":"page-builder","ast-site-content-layout":"default","site-content-style":"default","site-sidebar-style":"default","ast-global-header-display":"","ast-banner-title-visibility":"","ast-main-header-display":"disabled","ast-hfb-above-header-display":"","ast-hfb-below-header-display":"","ast-hfb-mobile-header-display":"","site-post-title":"disabled","ast-breadcrumbs-content":"","ast-featured-img":"disabled","footer-sml-layout":"","ast-disable-related-posts":"","theme-transparent-header-meta":"default","adv-header-id-meta":"","stick-header-meta":"","header-above-stick-meta":"","header-main-stick-meta":"","header-below-stick-meta":"","astra-migrate-meta-layouts":"default","ast-page-background-enabled":"default","ast-page-background-meta":{"desktop":{"background-color":"","background-image":"","background-repeat":"repeat","background-position":"center center","background-size":"auto","background-attachment":"scroll","background-type":"","background-media":"","overlay-type":"","overlay-color":"","overlay-opacity":"","overlay-gradient":""},"tablet":{"background-color":"","background-image":"","background-repeat":"repeat","background-position":"center center","background-size":"auto","background-attachment":"scroll","background-type":"","background-media":"","overlay-type":"","overlay-color":"","overlay-opacity":"","overlay-gradient":""},"mobile":{"background-color":"","background-image":"","background-repeat":"repeat","background-position":"center center","background-size":"auto","background-attachment":"scroll","background-type":"","background-media":"","overlay-type":"","overlay-color":"","overlay-opacity":"","overlay-gradient":""}},"ast-content-background-meta":{"desktop":{"background-color":"var(--ast-global-color-5)","background-image":"","background-repeat":"repeat","background-position":"center center","background-size":"auto","background-attachment":"scroll","background-type":"","background-media":"","overlay-type":"","overlay-color":"","overlay-opacity":"","overlay-gradient":""},"tablet":{"background-color":"var(--ast-global-color-5)","background-image":"","background-repeat":"repeat","background-position":"center center","background-size":"auto","background-attachment":"scroll","background-type":"","background-media":"","overlay-type":"","overlay-color":"","overlay-opacity":"","overlay-gradient":""},"mobile":{"background-color":"var(--ast-global-color-5)","background-image":"","background-repeat":"repeat","background-position":"center center","background-size":"auto","background-attachment":"scroll","background-type":"","background-media":"","overlay-type":"","overlay-color":"","overlay-opacity":"","overlay-gradient":""}},"footnotes":""},"class_list":["post-25","page","type-page","status-publish","hentry"],"_links":{"self":[{"href":"https:\/\/shop.profilhornan.se\/simning\/wp-json\/wp\/v2\/pages\/25","targetHints":{"allow":["GET"]}}],"collection":[{"href":"https:\/\/shop.profilhornan.se\/simning\/wp-json\/wp\/v2\/pages"}],"about":[{"href":"https:\/\/shop.profilhornan.se\/simning\/wp-json\/wp\/v2\/types\/page"}],"author":[{"embeddable":true,"href":"https:\/\/shop.profilhornan.se\/simning\/wp-json\/wp\/v2\/users\/1"}],"replies":[{"embeddable":true,"href":"https:\/\/shop.profilhornan.se\/simning\/wp-json\/wp\/v2\/comments?post=25"}],"version-history":[{"count":328,"href":"https:\/\/shop.profilhornan.se\/simning\/wp-json\/wp\/v2\/pages\/25\/revisions"}],"predecessor-version":[{"id":6922,"href":"https:\/\/shop.profilhornan.se\/simning\/wp-json\/wp\/v2\/pages\/25\/revisions\/6922"}],"wp:attachment":[{"href":"https:\/\/shop.profilhornan.se\/simning\/wp-json\/wp\/v2\/media?parent=25"}],"curies":[{"name":"wp","href":"https:\/\/api.w.org\/{rel}","templated":true}]}}