{"id":5813,"date":"2026-04-16T13:59:44","date_gmt":"2026-04-16T11:59:44","guid":{"rendered":"https:\/\/shop.profilhornan.se\/ljungbymaskin\/?post_type=product&#038;p=5813"},"modified":"2026-05-06T11:45:56","modified_gmt":"2026-05-06T09:45:56","slug":"ljungby-fran-plat-till-maskin-historiebok","status":"publish","type":"product","link":"https:\/\/shop.profilhornan.se\/ljungbymaskin\/product\/ljungby-fran-plat-till-maskin-historiebok\/","title":{"rendered":"LJUNGBY fr\u00e5n pl\u00e5t till MASKIN historiebok"},"content":{"rendered":"<p><em><strong>Inneh\u00e5ll<\/strong><\/em><\/p>\n<p><strong>F\u00f6rhistoria<\/strong><br \/>\nSannsagan om truckabr\u00f6derna och det tekniska geniet. Fr\u00e5n efterkrigstidens<br \/>\nenkla f\u00f6rh\u00e5llanden, utan h\u00f6gre utbildning men med huvudet i h\u00e4nderna, byggde<br \/>\nen ung man och hans br\u00f6der upp en truckindustri som har satt Ljungby p\u00e5 kartan.<\/p>\n<p><strong>Historia<\/strong><br \/>\nInnovat\u00f6ren och entrepren\u00f6ren. Ber\u00e4ttelsen om att bygga en v\u00e4rldsledande<br \/>\nversion av dr\u00f6mmaskinen &#8211; hjullastaren &#8211; inneh\u00e5ller en industri\u00e4ventyrare,<br \/>\nen finanskris och en aff\u00e4rsverksamhet som g\u00f6r konkurrenterna stolta.<\/p>\n<p><strong>Nutid<\/strong><br \/>\nPl\u00e5t in &#8211; maskin ut. F\u00f6lj med genom produktionslinjen under ett och samma tak,<br \/>\nallt medan kunder, konstrukt\u00f6rer, samarbetspartner och \u00e5terf\u00f6rs\u00e4ljare runtom i<br \/>\nv\u00e4rlden ser fram emot den st\u00f6rsta innovationen hittills.<\/p>\n<p><strong>Framtid<\/strong><br \/>\nLeda med varsam hand. Med en ny vd och den nya \u00e4gargenerationen p\u00e5 plats,<br \/>\nl\u00e4gger Ljungby Maskin i en ny v\u00e4xel f\u00f6r att m\u00f6ta efterfr\u00e5gan samtidigt som inno-<br \/>\nvationskraft och kvalitet alltid kommer att prioriteras framf\u00f6r kvantitet.<\/p>\n","protected":false},"excerpt":{"rendered":"<p>Bok om Ljungby Maskins historia.<\/p>\n<p>Information om inneh\u00e5ll finns i beskrivningen l\u00e4ngre ner.<\/p>\n","protected":false},"featured_media":5814,"template":"","meta":{"site-sidebar-layout":"default","site-content-layout":"","ast-site-content-layout":"default","site-content-style":"default","site-sidebar-style":"default","ast-global-header-display":"","ast-banner-title-visibility":"","ast-main-header-display":"","ast-hfb-above-header-display":"","ast-hfb-below-header-display":"","ast-hfb-mobile-header-display":"","site-post-title":"","ast-breadcrumbs-content":"","ast-featured-img":"","footer-sml-layout":"","ast-disable-related-posts":"","theme-transparent-header-meta":"default","adv-header-id-meta":"","stick-header-meta":"","header-above-stick-meta":"","header-main-stick-meta":"","header-below-stick-meta":"","astra-migrate-meta-layouts":"set","ast-page-background-enabled":"default","ast-page-background-meta":{"desktop":{"background-color":"","background-image":"","background-repeat":"repeat","background-position":"center center","background-size":"auto","background-attachment":"scroll","background-type":"","background-media":"","overlay-type":"","overlay-color":"","overlay-opacity":"","overlay-gradient":""},"tablet":{"background-color":"","background-image":"","background-repeat":"repeat","background-position":"center center","background-size":"auto","background-attachment":"scroll","background-type":"","background-media":"","overlay-type":"","overlay-color":"","overlay-opacity":"","overlay-gradient":""},"mobile":{"background-color":"","background-image":"","background-repeat":"repeat","background-position":"center center","background-size":"auto","background-attachment":"scroll","background-type":"","background-media":"","overlay-type":"","overlay-color":"","overlay-opacity":"","overlay-gradient":""}},"ast-content-background-meta":{"desktop":{"background-color":"var(--ast-global-color-5)","background-image":"","background-repeat":"repeat","background-position":"center center","background-size":"auto","background-attachment":"scroll","background-type":"","background-media":"","overlay-type":"","overlay-color":"","overlay-opacity":"","overlay-gradient":""},"tablet":{"background-color":"var(--ast-global-color-5)","background-image":"","background-repeat":"repeat","background-position":"center center","background-size":"auto","background-attachment":"scroll","background-type":"","background-media":"","overlay-type":"","overlay-color":"","overlay-opacity":"","overlay-gradient":""},"mobile":{"background-color":"var(--ast-global-color-5)","background-image":"","background-repeat":"repeat","background-position":"center center","background-size":"auto","background-attachment":"scroll","background-type":"","background-media":"","overlay-type":"","overlay-color":"","overlay-opacity":"","overlay-gradient":""}}},"product_brand":[],"product_cat":[31],"product_tag":[],"class_list":{"0":"post-5813","1":"product","2":"type-product","3":"status-publish","4":"has-post-thumbnail","6":"product_cat-ovrigt","7":"desktop-align-left","8":"tablet-align-left","9":"mobile-align-left","10":"ast-product-gallery-layout-horizontal-slider","11":"ast-product-tabs-layout-horizontal","12":"wcmo-protected-item wcmo-protected-product","14":"first","15":"instock","16":"taxable","17":"shipping-taxable","18":"purchasable","19":"product-type-simple"},"_links":{"self":[{"href":"https:\/\/shop.profilhornan.se\/ljungbymaskin\/wp-json\/wp\/v2\/product\/5813","targetHints":{"allow":["GET"]}}],"collection":[{"href":"https:\/\/shop.profilhornan.se\/ljungbymaskin\/wp-json\/wp\/v2\/product"}],"about":[{"href":"https:\/\/shop.profilhornan.se\/ljungbymaskin\/wp-json\/wp\/v2\/types\/product"}],"wp:featuredmedia":[{"embeddable":true,"href":"https:\/\/shop.profilhornan.se\/ljungbymaskin\/wp-json\/wp\/v2\/media\/5814"}],"wp:attachment":[{"href":"https:\/\/shop.profilhornan.se\/ljungbymaskin\/wp-json\/wp\/v2\/media?parent=5813"}],"wp:term":[{"taxonomy":"product_brand","embeddable":true,"href":"https:\/\/shop.profilhornan.se\/ljungbymaskin\/wp-json\/wp\/v2\/product_brand?post=5813"},{"taxonomy":"product_cat","embeddable":true,"href":"https:\/\/shop.profilhornan.se\/ljungbymaskin\/wp-json\/wp\/v2\/product_cat?post=5813"},{"taxonomy":"product_tag","embeddable":true,"href":"https:\/\/shop.profilhornan.se\/ljungbymaskin\/wp-json\/wp\/v2\/product_tag?post=5813"}],"curies":[{"name":"wp","href":"https:\/\/api.w.org\/{rel}","templated":true}]}}