{"id":25,"date":"2020-11-16T08:01:56","date_gmt":"2020-11-16T08:01:56","guid":{"rendered":"https:\/\/shop.profilhornan.se\/enertech\/?page_id=25"},"modified":"2026-01-20T12:27:26","modified_gmt":"2026-01-20T11:27:26","slug":"valkommen","status":"publish","type":"page","link":"https:\/\/shop.profilhornan.se\/ctc\/","title":{"rendered":"V\u00e4lkommen"},"content":{"rendered":"\t\t<div data-elementor-type=\"wp-page\" data-elementor-id=\"25\" class=\"elementor elementor-25\" data-elementor-post-type=\"page\">\n\t\t\t\t\t\t<section class=\"elementor-section elementor-top-section elementor-element elementor-element-9cda7c0 elementor-section-height-min-height elementor-section-boxed elementor-section-height-default elementor-section-items-middle\" data-id=\"9cda7c0\" data-element_type=\"section\" data-e-type=\"section\" data-settings=\"{&quot;background_background&quot;:&quot;slideshow&quot;,&quot;background_slideshow_gallery&quot;:[{&quot;id&quot;:3119,&quot;url&quot;:&quot;https:\\\/\\\/profilhornan.hemsida.eu\\\/ctc\\\/wp-content\\\/uploads\\\/sites\\\/3\\\/2025\\\/06\\\/bildspel-3-scaled.jpg&quot;},{&quot;id&quot;:3120,&quot;url&quot;:&quot;https:\\\/\\\/profilhornan.hemsida.eu\\\/ctc\\\/wp-content\\\/uploads\\\/sites\\\/3\\\/2025\\\/06\\\/bildspel-1.jpg&quot;},{&quot;id&quot;:3118,&quot;url&quot;:&quot;https:\\\/\\\/profilhornan.hemsida.eu\\\/ctc\\\/wp-content\\\/uploads\\\/sites\\\/3\\\/2025\\\/06\\\/CTC-byggnad.jpg&quot;},{&quot;id&quot;:3121,&quot;url&quot;:&quot;https:\\\/\\\/profilhornan.hemsida.eu\\\/ctc\\\/wp-content\\\/uploads\\\/sites\\\/3\\\/2025\\\/06\\\/CTC-byggnad-2.png&quot;}],&quot;background_slideshow_transition_duration&quot;:2000,&quot;background_slideshow_loop&quot;:&quot;yes&quot;,&quot;background_slideshow_slide_duration&quot;:5000,&quot;background_slideshow_slide_transition&quot;:&quot;fade&quot;}\">\n\t\t\t\t\t\t\t<div class=\"elementor-background-overlay\"><\/div>\n\t\t\t\t\t\t\t<div class=\"elementor-container elementor-column-gap-default\">\n\t\t\t\t\t<div class=\"elementor-column elementor-col-100 elementor-top-column elementor-element elementor-element-9b80093\" data-id=\"9b80093\" data-element_type=\"column\" data-e-type=\"column\">\n\t\t\t<div class=\"elementor-widget-wrap elementor-element-populated\">\n\t\t\t\t\t\t<div class=\"elementor-element elementor-element-57c14ca elementor-widget elementor-widget-heading\" data-id=\"57c14ca\" data-element_type=\"widget\" data-e-type=\"widget\" data-widget_type=\"heading.default\">\n\t\t\t\t<div class=\"elementor-widget-container\">\n\t\t\t\t\t<h1 class=\"elementor-heading-title elementor-size-default\">Visa att du \u00e4r en del av CTC<\/h1>\t\t\t\t<\/div>\n\t\t\t\t<\/div>\n\t\t\t\t<div class=\"elementor-element elementor-element-1bdf267 elementor-widget elementor-widget-text-editor\" data-id=\"1bdf267\" data-element_type=\"widget\" data-e-type=\"widget\" data-widget_type=\"text-editor.default\">\n\t\t\t\t<div class=\"elementor-widget-container\">\n\t\t\t\t\t\t\t\t\t<p><strong>&nbsp;Snygga bra och trevliga kl\u00e4der, b\u00e5de f\u00f6r butiken och installationen.<\/strong><br><strong>Du best\u00e4ller dem via oss, med bra pris och kvalitet.<\/strong><br><strong>P\u00e5 alla kl\u00e4der finns CTC logon med tillval f\u00f6r partner eller service [SE].<\/strong><br><strong>Du har m\u00f6jlighet att f\u00e5 med din egen logo ocks\u00e5.<\/strong><\/p>\n<p><strong>Har ni fr\u00e5gor finns vi h\u00e4r f\u00f6r att hj\u00e4lpa till.<\/strong><\/p>\n<p><strong>Leni Andersson<\/strong><br><strong>0372-86 706, <a href=\"mailto:leni.andersson@enertech.se\">leni.andersson@ctc.se<\/a><\/strong><\/p>\t\t\t\t\t\t\t\t<\/div>\n\t\t\t\t<\/div>\n\t\t\t\t\t<\/div>\n\t\t<\/div>\n\t\t\t\t\t<\/div>\n\t\t<\/section>\n\t\t\t\t<section class=\"elementor-section elementor-top-section elementor-element elementor-element-b9129d5 elementor-section-boxed elementor-section-height-default elementor-section-height-default\" data-id=\"b9129d5\" data-element_type=\"section\" data-e-type=\"section\">\n\t\t\t\t\t\t<div class=\"elementor-container elementor-column-gap-default\">\n\t\t\t\t\t<div class=\"elementor-column elementor-col-100 elementor-top-column elementor-element elementor-element-a857055\" data-id=\"a857055\" data-element_type=\"column\" data-e-type=\"column\">\n\t\t\t<div class=\"elementor-widget-wrap elementor-element-populated\">\n\t\t\t\t\t\t<div class=\"elementor-element elementor-element-3d4c9da elementor-widget elementor-widget-text-editor\" data-id=\"3d4c9da\" data-element_type=\"widget\" data-e-type=\"widget\" data-widget_type=\"text-editor.default\">\n\t\t\t\t<div class=\"elementor-widget-container\">\n\t\t\t\t\t\t\t\t\t<p><strong style=\"color: #0b6234; font-size: 20px;\">Leveranstid: 7-10 arbetsdagar<\/strong><\/p>\t\t\t\t\t\t\t\t<\/div>\n\t\t\t\t<\/div>\n\t\t\t\t\t<\/div>\n\t\t<\/div>\n\t\t\t\t\t<\/div>\n\t\t<\/section>\n\t\t\t\t<section class=\"elementor-section elementor-top-section elementor-element elementor-element-8486433 elementor-section-boxed elementor-section-height-default elementor-section-height-default\" data-id=\"8486433\" data-element_type=\"section\" data-e-type=\"section\">\n\t\t\t\t\t\t<div class=\"elementor-container elementor-column-gap-default\">\n\t\t\t\t\t<div class=\"elementor-column elementor-col-100 elementor-top-column elementor-element elementor-element-06e736c\" data-id=\"06e736c\" data-element_type=\"column\" data-e-type=\"column\">\n\t\t\t<div class=\"elementor-widget-wrap elementor-element-populated\">\n\t\t\t\t\t\t<div class=\"elementor-element elementor-element-77397a0 uael-woo-category-grid uael-woo-cat-title-pos-default uael-woo-cat-title-style-default uael-woo-cat--align-center elementor-widget elementor-widget-uael-woo-categories\" data-id=\"77397a0\" data-element_type=\"widget\" data-e-type=\"widget\" data-settings=\"{&quot;cat_columns&quot;:&quot;3&quot;,&quot;column_gap&quot;:{&quot;unit&quot;:&quot;px&quot;,&quot;size&quot;:100,&quot;sizes&quot;:[]},&quot;row_gap&quot;:{&quot;unit&quot;:&quot;px&quot;,&quot;size&quot;:40,&quot;sizes&quot;:[]},&quot;cat_columns_tablet&quot;:&quot;3&quot;,&quot;cat_columns_mobile&quot;:&quot;2&quot;,&quot;column_gap_tablet&quot;:{&quot;unit&quot;:&quot;px&quot;,&quot;size&quot;:&quot;&quot;,&quot;sizes&quot;:[]},&quot;column_gap_mobile&quot;:{&quot;unit&quot;:&quot;px&quot;,&quot;size&quot;:&quot;&quot;,&quot;sizes&quot;:[]},&quot;row_gap_tablet&quot;:{&quot;unit&quot;:&quot;px&quot;,&quot;size&quot;:&quot;&quot;,&quot;sizes&quot;:[]},&quot;row_gap_mobile&quot;:{&quot;unit&quot;:&quot;px&quot;,&quot;size&quot;:&quot;&quot;,&quot;sizes&quot;:[]}}\" data-widget_type=\"uael-woo-categories.default\">\n\t\t\t\t<div class=\"elementor-widget-container\">\n\t\t\t\t\t<div class=\"uael-woo-categories uael-woo-categories-grid uael-woocommerce\"><div class=\"uael-woo-categories-inner  uael-woo-cat__column-3 uael-woo-cat__column-tablet-3 uael-woo-cat__column-mobile-2\"><ul class=\"products columns-3\">\n<li class=\"product-category product first\">\n\t<a href=\"https:\/\/shop.profilhornan.se\/ctc\/product-category\/yrkesklader\/\"><div class=\"uael-product-cat-inner\"><img fetchpriority=\"high\" decoding=\"async\" src=\"https:\/\/shop.profilhornan.se\/ctc\/wp-content\/uploads\/sites\/3\/2026\/01\/CTC03-300x300.png\" alt=\"Yrkeskl\u00e4der\" width=\"300\" height=\"300\" srcset=\"https:\/\/shop.profilhornan.se\/ctc\/wp-content\/uploads\/sites\/3\/2026\/01\/CTC03-300x300.png 300w, https:\/\/shop.profilhornan.se\/ctc\/wp-content\/uploads\/sites\/3\/2026\/01\/CTC03-1024x1024.png 1024w, https:\/\/shop.profilhornan.se\/ctc\/wp-content\/uploads\/sites\/3\/2026\/01\/CTC03-150x150.png 150w, https:\/\/shop.profilhornan.se\/ctc\/wp-content\/uploads\/sites\/3\/2026\/01\/CTC03-768x768.png 768w, https:\/\/shop.profilhornan.se\/ctc\/wp-content\/uploads\/sites\/3\/2026\/01\/CTC03-600x600.png 600w, https:\/\/shop.profilhornan.se\/ctc\/wp-content\/uploads\/sites\/3\/2026\/01\/CTC03-100x100.png 100w, https:\/\/shop.profilhornan.se\/ctc\/wp-content\/uploads\/sites\/3\/2026\/01\/CTC03.png 1064w\" sizes=\"(max-width: 300px) 100vw, 300px\" \/><div class=\"uael-category__title-wrap\"><h2 class=\"woocommerce-loop-category__title\">Yrkeskl\u00e4der<\/h2><mark class=\"uael-count\">13 Products<\/mark><\/div><\/div><\/a><\/li>\n<li class=\"product-category product\">\n\t<a href=\"https:\/\/shop.profilhornan.se\/ctc\/product-category\/saljare-butik\/\"><div class=\"uael-product-cat-inner\"><img decoding=\"async\" src=\"https:\/\/shop.profilhornan.se\/ctc\/wp-content\/uploads\/sites\/3\/2026\/01\/CTC10-300x300.png\" alt=\"S\u00e4ljare \/ Butik\" width=\"300\" height=\"300\" srcset=\"https:\/\/shop.profilhornan.se\/ctc\/wp-content\/uploads\/sites\/3\/2026\/01\/CTC10-300x300.png 300w, https:\/\/shop.profilhornan.se\/ctc\/wp-content\/uploads\/sites\/3\/2026\/01\/CTC10-1024x1024.png 1024w, https:\/\/shop.profilhornan.se\/ctc\/wp-content\/uploads\/sites\/3\/2026\/01\/CTC10-150x150.png 150w, https:\/\/shop.profilhornan.se\/ctc\/wp-content\/uploads\/sites\/3\/2026\/01\/CTC10-768x768.png 768w, https:\/\/shop.profilhornan.se\/ctc\/wp-content\/uploads\/sites\/3\/2026\/01\/CTC10-600x600.png 600w, https:\/\/shop.profilhornan.se\/ctc\/wp-content\/uploads\/sites\/3\/2026\/01\/CTC10-100x100.png 100w, https:\/\/shop.profilhornan.se\/ctc\/wp-content\/uploads\/sites\/3\/2026\/01\/CTC10.png 1064w\" sizes=\"(max-width: 300px) 100vw, 300px\" \/><div class=\"uael-category__title-wrap\"><h2 class=\"woocommerce-loop-category__title\">S\u00e4ljare \/ Butik<\/h2><mark class=\"uael-count\">9 Products<\/mark><\/div><\/div><\/a><\/li>\n<li class=\"product-category product last\">\n\t<a href=\"https:\/\/shop.profilhornan.se\/ctc\/product-category\/reklam\/\"><div class=\"uael-product-cat-inner\"><img decoding=\"async\" src=\"https:\/\/shop.profilhornan.se\/ctc\/wp-content\/uploads\/sites\/3\/2026\/01\/CTC24-300x300.png\" alt=\"Reklam\" width=\"300\" height=\"300\" srcset=\"https:\/\/shop.profilhornan.se\/ctc\/wp-content\/uploads\/sites\/3\/2026\/01\/CTC24-300x300.png 300w, https:\/\/shop.profilhornan.se\/ctc\/wp-content\/uploads\/sites\/3\/2026\/01\/CTC24-1024x1024.png 1024w, https:\/\/shop.profilhornan.se\/ctc\/wp-content\/uploads\/sites\/3\/2026\/01\/CTC24-150x150.png 150w, https:\/\/shop.profilhornan.se\/ctc\/wp-content\/uploads\/sites\/3\/2026\/01\/CTC24-768x768.png 768w, https:\/\/shop.profilhornan.se\/ctc\/wp-content\/uploads\/sites\/3\/2026\/01\/CTC24-600x600.png 600w, https:\/\/shop.profilhornan.se\/ctc\/wp-content\/uploads\/sites\/3\/2026\/01\/CTC24-100x100.png 100w, https:\/\/shop.profilhornan.se\/ctc\/wp-content\/uploads\/sites\/3\/2026\/01\/CTC24.png 1064w\" sizes=\"(max-width: 300px) 100vw, 300px\" \/><div class=\"uael-category__title-wrap\"><h2 class=\"woocommerce-loop-category__title\">Reklam<\/h2><mark class=\"uael-count\">5 Products<\/mark><\/div><\/div><\/a><\/li>\n<\/ul>\n<\/div><\/div>\t\t\t\t<\/div>\n\t\t\t\t<\/div>\n\t\t\t\t\t<\/div>\n\t\t<\/div>\n\t\t\t\t\t<\/div>\n\t\t<\/section>\n\t\t\t\t<\/div>\n\t\t","protected":false},"excerpt":{"rendered":"<p>Visa att du \u00e4r en del av CTC &nbsp;Snygga bra och trevliga kl\u00e4der, b\u00e5de f\u00f6r butiken och installationen.Du best\u00e4ller dem via oss, med bra pris och kvalitet.P\u00e5 alla kl\u00e4der finns CTC logon med tillval f\u00f6r partner eller service [SE].Du har m\u00f6jlighet att f\u00e5 med din egen logo ocks\u00e5. Har ni fr\u00e5gor finns vi h\u00e4r f\u00f6r [&hellip;]<\/p>\n","protected":false},"author":1,"featured_media":0,"parent":0,"menu_order":0,"comment_status":"closed","ping_status":"closed","template":"","meta":{"site-sidebar-layout":"no-sidebar","site-content-layout":"page-builder","ast-site-content-layout":"default","site-content-style":"default","site-sidebar-style":"default","ast-global-header-display":"","ast-banner-title-visibility":"","ast-main-header-display":"disabled","ast-hfb-above-header-display":"","ast-hfb-below-header-display":"","ast-hfb-mobile-header-display":"","site-post-title":"disabled","ast-breadcrumbs-content":"","ast-featured-img":"disabled","footer-sml-layout":"","ast-disable-related-posts":"","theme-transparent-header-meta":"default","adv-header-id-meta":"","stick-header-meta":"","header-above-stick-meta":"","header-main-stick-meta":"","header-below-stick-meta":"","astra-migrate-meta-layouts":"default","ast-page-background-enabled":"default","ast-page-background-meta":{"desktop":{"background-color":"","background-image":"","background-repeat":"repeat","background-position":"center center","background-size":"auto","background-attachment":"scroll","background-type":"","background-media":"","overlay-type":"","overlay-color":"","overlay-opacity":"","overlay-gradient":""},"tablet":{"background-color":"","background-image":"","background-repeat":"repeat","background-position":"center center","background-size":"auto","background-attachment":"scroll","background-type":"","background-media":"","overlay-type":"","overlay-color":"","overlay-opacity":"","overlay-gradient":""},"mobile":{"background-color":"","background-image":"","background-repeat":"repeat","background-position":"center center","background-size":"auto","background-attachment":"scroll","background-type":"","background-media":"","overlay-type":"","overlay-color":"","overlay-opacity":"","overlay-gradient":""}},"ast-content-background-meta":{"desktop":{"background-color":"var(--ast-global-color-5)","background-image":"","background-repeat":"repeat","background-position":"center center","background-size":"auto","background-attachment":"scroll","background-type":"","background-media":"","overlay-type":"","overlay-color":"","overlay-opacity":"","overlay-gradient":""},"tablet":{"background-color":"var(--ast-global-color-5)","background-image":"","background-repeat":"repeat","background-position":"center center","background-size":"auto","background-attachment":"scroll","background-type":"","background-media":"","overlay-type":"","overlay-color":"","overlay-opacity":"","overlay-gradient":""},"mobile":{"background-color":"var(--ast-global-color-5)","background-image":"","background-repeat":"repeat","background-position":"center center","background-size":"auto","background-attachment":"scroll","background-type":"","background-media":"","overlay-type":"","overlay-color":"","overlay-opacity":"","overlay-gradient":""}},"footnotes":""},"class_list":["post-25","page","type-page","status-publish","hentry"],"_links":{"self":[{"href":"https:\/\/shop.profilhornan.se\/ctc\/wp-json\/wp\/v2\/pages\/25","targetHints":{"allow":["GET"]}}],"collection":[{"href":"https:\/\/shop.profilhornan.se\/ctc\/wp-json\/wp\/v2\/pages"}],"about":[{"href":"https:\/\/shop.profilhornan.se\/ctc\/wp-json\/wp\/v2\/types\/page"}],"author":[{"embeddable":true,"href":"https:\/\/shop.profilhornan.se\/ctc\/wp-json\/wp\/v2\/users\/1"}],"replies":[{"embeddable":true,"href":"https:\/\/shop.profilhornan.se\/ctc\/wp-json\/wp\/v2\/comments?post=25"}],"version-history":[{"count":118,"href":"https:\/\/shop.profilhornan.se\/ctc\/wp-json\/wp\/v2\/pages\/25\/revisions"}],"predecessor-version":[{"id":3693,"href":"https:\/\/shop.profilhornan.se\/ctc\/wp-json\/wp\/v2\/pages\/25\/revisions\/3693"}],"wp:attachment":[{"href":"https:\/\/shop.profilhornan.se\/ctc\/wp-json\/wp\/v2\/media?parent=25"}],"curies":[{"name":"wp","href":"https:\/\/api.w.org\/{rel}","templated":true}]}}